 197
List the prime factors of 1152227.
1152227
List the prime factors of 1952470.
2, 5, 13, 23, 653
What are the prime factors of 953578?
2, 29, 41, 401
List the prime factors of 434181.
3, 11, 59, 223
What are the prime factors of 1122342?
2, 3, 13, 14389
What are the prime factors of 8926686?
2, 3, 55103
List the prime factors of 15947051.
31, 59, 8719
What are the prime factors of 714327?
3, 238109
List the prime factors of 8199205.
5, 7, 317, 739
What are the prime factors of 14438796?
2, 3, 1203233
List the prime factors of 191621.
191621
List the prime factors of 20455764.
2, 3, 7, 243521
List the prime factors of 12548144.
2, 7, 199, 563
What are the prime factors of 775313?
7, 11, 10069
List the prime factors of 2743177.
2743177
What are the prime factors of 128577?
3, 42859
List the prime factors of 788895.
3, 5, 47, 373
List the prime factors of 14546785.
5, 11, 264487
What are the prime factors of 7546943?
509, 14827
What are the prime factors of 2887011?
3, 97, 3307
List the prime factors of 5301825.
3, 5, 223, 317
List the prime factors of 5362490.
2, 5, 7, 76607
List the prime factors of 24301275.
3, 5, 29, 11173
What are the prime factors of 44922?
2, 3, 7487
List the prime factors of 415900.
2, 5, 4159
What are the prime factors of 9801583?
11, 41, 103, 211
What are the prime factors of 349571?
17, 20563
What are the prime factors of 37235?
5, 11, 677
List the prime factors of 2691194.
2, 11, 122327
List the prime factors of 104083.
7, 14869
What are the prime factors of 14592611?
11, 281, 4721
What are the prime factors of 306022?
2, 53, 2887
List the prime factors of 16219669.
23, 30661
List the prime factors of 207693.
3, 47, 491
List the prime factors of 7723252.
2, 41, 47093
List the prime factors of 1229825.
5, 49193
What are the prime factors of 199368?
2, 3, 13, 71
What are the prime factors of 438404?
2, 127, 863
What are the prime factors of 9149969?
127, 72047
What are the prime factors of 1615280?
2, 5, 61, 331
What are the prime factors of 475489?
7, 67927
List the prime factors of 3441286.
2, 1720643
List the prime factors of 259681.
259681
What are the prime factors of 1180381?
1180381
List the prime factors of 77414.
2, 38707
List the prime factors of 8339328.
2, 3, 19, 127
What are the prime factors of 145256?
2, 67, 271
What are the prime factors of 3446215?
5, 29, 23767
What are the prime factors of 64360?
2, 5, 1609
What are the prime factors of 156643?
31, 163
What are the prime factors of 291023?
17, 19, 53
List the prime factors of 11372030.
2, 5, 1137203
List the prime factors of 254940.
2, 3, 5, 7, 607
List the prime factors of 13023140.
2, 5, 13, 3853
What are the prime factors of 297259?
31, 43, 223
What are the prime factors of 70068?
2, 3, 5839
List the prime factors of 11775381.
3, 31, 53, 2389
What are the prime factors of 4578359?
31, 147689
What are the prime factors of 383899?
397, 967
List the prime factors of 2429439.
3, 31, 151, 173
List the prime factors of 104236.
2, 11, 23, 103
What are the prime factors of 3089286?
2, 3, 19, 3011
What are the prime factors of 223863?
3, 71, 1051
What are the prime factors of 13455677?
47, 67, 4273
What are the prime factors of 547687?
7, 78241
What are the prime factors of 728863?
37, 19699
List the prime factors of 2563123.
83, 30881
List the prime factors of 20697.
3, 6899
List the prime factors of 4976719.
11, 29, 15601
What are the prime factors of 2863895?
5, 29, 19751
List the prime factors of 182045.
5, 23, 1583
List the prime factors of 32192714.
2, 109, 147673
List the prime factors of 28314756.
2, 3, 223, 3527
List the prime factors of 5111125.
5, 31, 1319
What are the prime factors of 2188000?
2, 5, 547
List the prime factors of 1009684.
2, 13, 19417
List the prime factors of 676329.
3, 151, 1493
List the prime factors of 908570.
2, 5, 13, 29, 241
List the prime factors of 2264848.
2, 353, 401
What are the prime factors of 864950?
2, 5, 17299
List the prime factors of 3514742.
2, 7, 11, 29, 787
What are the prime factors of 429054?
2, 3, 43, 1663
List the prime factors of 143552.
2, 2243
What are the prime factors of 16598919?
3, 17, 31, 10499
What are the prime factors of 319898?
2, 59, 2711
List the prime factors of 8697.
3, 13, 223
What are the prime factors of 795587?
13, 19, 3221
What are the prime factors of 181405?
5, 7, 71, 73
What are the prime factors of 605052?
2, 3, 7
List the prime factors of 278504.
2, 31, 1123
List the prime factors of 311057.
53, 5869
What are the prime factors of 295327?
227, 1301
What are the prime factors of 3961535?
5, 792307
List the prime factors of 1425880.
2, 5, 43, 829
List the prime factors of 128678.
2, 11, 5849
List the prime factors of 5881103.
31, 189713
List the prime factors of 1115137.
29, 38453
List the prime factors of 857270.
2, 5, 59, 1453
What are the prime factors of 3174493?
7, 31, 14629
What are the prime factors of 4260038?
2, 157, 13567
List the prime factors of 883988.
2, 7, 131, 241
List the prime factors of 284493.
3, 11, 37, 233
What are the prime factors of 15603144?
2, 3, 17, 167, 229
List the prime factors of 2883258.
2, 3, 7, 467
What are the prime factors of 1708928?
2, 13, 79
What are the prime factors of 1118563?
1118563
What are the prime factors of 7116505?
5, 11, 47, 2753
List the prime factors of 198969.
3, 29, 2287
What are the prime factors of 1830802?
2, 19, 48179
What are the prime factors of 15011284?
2, 691, 5431
What are the prime factors of 429309?
3, 47701
What are the prime factors of 866394?
2, 3, 127, 379
List the prime factors of 307008.
2, 3, 13, 41
What are the prime factors of 2109332?
2, 527333
What are the prime factors of 312109?
7, 44587
List the prime factors of 734476.
2, 139, 1321
What are the prime factors of 9379279?
7, 13, 103069
List the prime factors of 2557342.
2, 1278671
What are the prime factors of 470919?
3, 79, 1987
List the prime factors of 8334993.
3, 23, 113, 1069
What are the prime factors of 232775?
5, 9311
List the prime factors of 12121420.
2, 5, 29, 20899
What are the prime factors of 221690?
2, 5, 7, 3167
What are the prime factors of 923546?
2, 13, 35521
What are the prime factors of 528366?
2, 3, 107, 823
List the prime factors of 81509.
81509
What are the prime factors of 68265?
3, 5, 37, 41
What are the prime factors of 888413?
888413
List the prime factors of 4614721.
463, 9967
What are the prime factors of 312310?
2, 5, 31231
List the prime factors of 213330.
2, 3, 5, 13, 547
List the prime factors of 24967547.
11, 2269777
List the prime factors of 7065947.
7, 144203
What are the prime factors of 977245?
5, 17, 11497
List the prime factors of 6861329.
6861329
What are the prime factors of 30358623?
3, 653, 15497
What are the prime factors of 745778?
2, 11, 109, 311
List the prime factors of 873185.
5, 174637
List the prime factors of 287593.
29, 47, 211
List the prime factors of 15161347.
23, 659189
What are the prime factors of 8391694?
2, 4195847
List the prime factors of 21535494.
2, 3, 47, 76367
What are the prime factors of 416461?
19, 23, 953
List the prime factors of 1840.
2, 5, 23
List the prime factors of 5668.
2, 13, 109
What are the prime factors of 7879807?
13, 311, 1949
What are the prime factors of 2336509?
7, 333787
List the prime factors of 24417013.
24417013
List the prime factors of 200318.
2, 37, 2707
List the prime factors of 187842.
2, 3, 31307
List the prime factors of 52201.
52201
What are the prime factors of 13910108?
2, 3477527
What are the prime factors of 3784289?
751, 5039
What are the prime factors of 447364?
2, 97, 1153
What are the prime factors of 1844749?
1844749
What are the prime factors of 5186514?
2, 3, 864419
List the prime factors of 461217.
3, 153739
What are the prime factors of 7032272?
2, 13, 33809
List the prime factors of 132600.
2, 3, 5, 13, 17
List the prime factors of 279332.
2, 69833
List the prime factors of 208414.
2, 104207
What are the prime factors of 3098395?
5, 157, 3947
List the prime factors of 685765.
5, 137153
List the prime factors of 704473.
7, 11, 1307
What are the prime factors of 14728415?
5, 13, 347, 653
What are the prime factors of 9459188?
2, 19, 71, 1753
List the prime factors of 110689.
71, 1559
What are the prime factors of 119684?
2, 29921
Wha